{"id":475,"date":"2024-12-06T11:13:49","date_gmt":"2024-12-06T11:13:49","guid":{"rendered":"https:\/\/thog.is\/?page_id=475"},"modified":"2024-12-17T19:17:26","modified_gmt":"2024-12-17T19:17:26","slug":"um-okkur-saga","status":"publish","type":"page","link":"https:\/\/thog.is\/?page_id=475","title":{"rendered":"Um okkur \/ saga"},"content":{"rendered":"\t\t<div data-elementor-type=\"wp-page\" data-elementor-id=\"475\" class=\"elementor elementor-475\" data-elementor-post-type=\"page\">\n\t\t\t\t<div class=\"elementor-element elementor-element-6215b39 e-flex e-con-boxed e-con e-parent\" data-id=\"6215b39\" data-element_type=\"container\" data-e-type=\"container\">\n\t\t\t\t\t<div class=\"e-con-inner\">\n\t\t\t\t\t<\/div>\n\t\t\t\t<\/div>\n\t\t<div class=\"elementor-element elementor-element-7caa607 e-con-full e-flex e-con e-parent\" data-id=\"7caa607\" data-element_type=\"container\" data-e-type=\"container\" data-settings=\"{&quot;background_background&quot;:&quot;classic&quot;}\">\n\t\t\t\t<div class=\"elementor-element elementor-element-0232bd9 elementor-widget elementor-widget-text-editor\" data-id=\"0232bd9\" data-element_type=\"widget\" data-e-type=\"widget\" data-widget_type=\"text-editor.default\">\n\t\t\t\t<div class=\"elementor-widget-container\">\n\t\t\t\t\t\t\t\t\t<ul><li>Gildin okkar<\/li><li>Hringr\u00e1sahagkerfi\u00f0<\/li><li>Sj\u00e1lfb\u00e6rni<\/li><li>Heimsmarkmi\u00f0in<\/li><\/ul>\t\t\t\t\t\t\t\t<\/div>\n\t\t\t\t<\/div>\n\t\t\t\t<\/div>\n\t\t<div class=\"elementor-element elementor-element-283712e e-flex e-con-boxed e-con e-parent\" data-id=\"283712e\" data-element_type=\"container\" data-e-type=\"container\">\n\t\t\t\t\t<div class=\"e-con-inner\">\n\t\t\t\t\t<\/div>\n\t\t\t\t<\/div>\n\t\t<div class=\"elementor-element elementor-element-d5c7083 e-flex e-con-boxed e-con e-parent\" data-id=\"d5c7083\" data-element_type=\"container\" data-e-type=\"container\">\n\t\t\t\t\t<div class=\"e-con-inner\">\n\t\t\t\t<div class=\"elementor-element elementor-element-73e0434 elementor-widget elementor-widget-text-editor\" data-id=\"73e0434\" data-element_type=\"widget\" data-e-type=\"widget\" data-widget_type=\"text-editor.default\">\n\t\t\t\t<div class=\"elementor-widget-container\">\n\t\t\t\t\t\t\t\t\t<p style=\"font-family: 'Uploaded fonts', sans-serif;\"><span style=\"text-align: var(--text-align);\"><span style=\"font-weight: bold;\">Mannvirkjastofnun hefur sta\u00f0fest g\u00e6\u00f0astj\u00f3rnunarkerfi hj\u00e1 \u00deak og gluggar ehf.<\/span><\/span><\/p>\t\t\t\t\t\t\t\t<\/div>\n\t\t\t\t<\/div>\n\t\t\t\t\t<\/div>\n\t\t\t\t<\/div>\n\t\t<div class=\"elementor-element elementor-element-dc83b1b e-flex e-con-boxed e-con e-parent\" data-id=\"dc83b1b\" data-element_type=\"container\" data-e-type=\"container\">\n\t\t\t\t\t<div class=\"e-con-inner\">\n\t\t\t\t<div class=\"elementor-element elementor-element-c62e5d3 elementor-widget elementor-widget-text-editor\" data-id=\"c62e5d3\" data-element_type=\"widget\" data-e-type=\"widget\" data-widget_type=\"text-editor.default\">\n\t\t\t\t<div class=\"elementor-widget-container\">\n\t\t\t\t\t\t\t\t\t<p><span style=\"font-size: 1.125rem; text-align: var(--text-align);\">\u00cd byrjun \u00e1rs 2015 t\u00f3ku gildi l\u00f6g sem kve\u00f0a \u00e1 um \u00fea\u00f0 a\u00f0 verktakafyrirt\u00e6ki ver\u00f0a a\u00f0 vera me\u00f0 g\u00e6\u00f0astj\u00f3rnunarkerfi sta\u00f0fest af Mannvirkjastofnun. Allir sem skr\u00e1 sig \u00e1 byggingarleyfisskyld verk sem h\u00f6nnu\u00f0ir, h\u00f6nnunarstj\u00f3rar, i\u00f0nmeistarar e\u00f0a byggingarstj\u00f3rar eftir 1. jan\u00faar 2015 skulu vera me\u00f0 g\u00e6\u00f0astj\u00f3rnunarkerfi sem sam\u00feykkt er af stofnuninni. Krafa um g\u00e6\u00f0astj\u00f3rnunarkerfi byggir \u00e1 \u00e1kv\u00e6\u00f0um 24. gr., 31. gr. og 32. gr. laga um mannvirki en samkv\u00e6mt 7. t\u00f6luli\u00f0 \u00e1kv\u00e6\u00f0a til br\u00e1\u00f0abirg\u00f0a \u00ed l\u00f6gunum er veittur frestur til 1. jan\u00faar 2015 til a\u00f0 uppfylla \u00e1kv\u00e6\u00f0in S\u00e9 g\u00e6\u00f0astj\u00f3rnunarkerfi ekki til sta\u00f0ar \u00fe\u00e1 hafa starfsmenn f\u00e9lagsins ekki r\u00e9ttindi til a\u00f0 skrifa upp \u00e1 verk n\u00e9 bj\u00f3\u00f0a \u00ed verkefni \u00e1 vegum opinberra a\u00f0ila.<\/span><\/p>\t\t\t\t\t\t\t\t<\/div>\n\t\t\t\t<\/div>\n\t\t\t\t\t<\/div>\n\t\t\t\t<\/div>\n\t\t<div class=\"elementor-element elementor-element-564c863 e-flex e-con-boxed e-con e-parent\" data-id=\"564c863\" data-element_type=\"container\" data-e-type=\"container\">\n\t\t\t\t\t<div class=\"e-con-inner\">\n\t\t\t\t\t<\/div>\n\t\t\t\t<\/div>\n\t\t\t\t<\/div>\n\t\t","protected":false},"excerpt":{"rendered":"<p>Gildin okkar Hringr\u00e1sahagkerfi\u00f0 Sj\u00e1lfb\u00e6rni Heimsmarkmi\u00f0in Mannvirkjastofnun hefur sta\u00f0fest g\u00e6\u00f0astj\u00f3rnunarkerfi hj\u00e1 \u00deak og gluggar ehf. \u00cd byrjun \u00e1rs 2015 t\u00f3ku gildi l\u00f6g sem kve\u00f0a \u00e1 um<span class=\"more-button\"><a href=\"https:\/\/thog.is\/?page_id=475\" class=\"more-link\">Lesa meira<span class=\"screen-reader-text\">Um okkur \/ saga<\/span><\/a><\/span><\/p>\n","protected":false},"author":1,"featured_media":0,"parent":0,"menu_order":0,"comment_status":"closed","ping_status":"closed","template":"templates\/full-width-page.php","meta":{"footnotes":""},"class_list":["post-475","page","type-page","status-publish","hentry"],"_links":{"self":[{"href":"https:\/\/thog.is\/index.php?rest_route=\/wp\/v2\/pages\/475","targetHints":{"allow":["GET"]}}],"collection":[{"href":"https:\/\/thog.is\/index.php?rest_route=\/wp\/v2\/pages"}],"about":[{"href":"https:\/\/thog.is\/index.php?rest_route=\/wp\/v2\/types\/page"}],"author":[{"embeddable":true,"href":"https:\/\/thog.is\/index.php?rest_route=\/wp\/v2\/users\/1"}],"replies":[{"embeddable":true,"href":"https:\/\/thog.is\/index.php?rest_route=%2Fwp%2Fv2%2Fcomments&post=475"}],"version-history":[{"count":55,"href":"https:\/\/thog.is\/index.php?rest_route=\/wp\/v2\/pages\/475\/revisions"}],"predecessor-version":[{"id":2165,"href":"https:\/\/thog.is\/index.php?rest_route=\/wp\/v2\/pages\/475\/revisions\/2165"}],"wp:attachment":[{"href":"https:\/\/thog.is\/index.php?rest_route=%2Fwp%2Fv2%2Fmedia&parent=475"}],"curies":[{"name":"wp","href":"https:\/\/api.w.org\/{rel}","templated":true}]}}

<div data-elementor-type="wp-page" data-elementor-id="475" class="elementor elementor-475" data-elementor-post-type="page">
				<div class="elementor-element elementor-element-6215b39 e-flex e-con-boxed e-con e-parent" data-id="6215b39" data-element_type="container" data-e-type="container">
					<div class="e-con-inner">
					</div>
				</div>
		<div class="elementor-element elementor-element-7caa607 e-con-full e-flex e-con e-parent" data-id="7caa607" data-element_type="container" data-e-type="container" data-settings="{&quot;background_background&quot;:&quot;classic&quot;}">
				<div class="elementor-element elementor-element-0232bd9 elementor-widget elementor-widget-text-editor" data-id="0232bd9" data-element_type="widget" data-e-type="widget" data-widget_type="text-editor.default">
				<div class="elementor-widget-container">
									<ul><li>Gildin okkar</li><li>Hringrásahagkerfið</li><li>Sjálfbærni</li><li>Heimsmarkmiðin</li></ul>								</div>
				</div>
				</div>
		<div class="elementor-element elementor-element-283712e e-flex e-con-boxed e-con e-parent" data-id="283712e" data-element_type="container" data-e-type="container">
					<div class="e-con-inner">
					</div>
				</div>
		<div class="elementor-element elementor-element-d5c7083 e-flex e-con-boxed e-con e-parent" data-id="d5c7083" data-element_type="container" data-e-type="container">
					<div class="e-con-inner">
				<div class="elementor-element elementor-element-73e0434 elementor-widget elementor-widget-text-editor" data-id="73e0434" data-element_type="widget" data-e-type="widget" data-widget_type="text-editor.default">
				<div class="elementor-widget-container">
									<p style="font-family: 'Uploaded fonts', sans-serif;"><span style="text-align: var(--text-align);"><span style="font-weight: bold;">Mannvirkjastofnun hefur staðfest gæðastjórnunarkerfi hjá Þak og gluggar ehf.</span></span></p>								</div>
				</div>
					</div>
				</div>
		<div class="elementor-element elementor-element-dc83b1b e-flex e-con-boxed e-con e-parent" data-id="dc83b1b" data-element_type="container" data-e-type="container">
					<div class="e-con-inner">
				<div class="elementor-element elementor-element-c62e5d3 elementor-widget elementor-widget-text-editor" data-id="c62e5d3" data-element_type="widget" data-e-type="widget" data-widget_type="text-editor.default">
				<div class="elementor-widget-container">
									<p><span style="font-size: 1.125rem; text-align: var(--text-align);">Í byrjun árs 2015 tóku gildi lög sem kveða á um það að verktakafyrirtæki verða að vera með gæðastjórnunarkerfi staðfest af Mannvirkjastofnun. Allir sem skrá sig á byggingarleyfisskyld verk sem hönnuðir, hönnunarstjórar, iðnmeistarar eða byggingarstjórar eftir 1. janúar 2015 skulu vera með gæðastjórnunarkerfi sem samþykkt er af stofnuninni. Krafa um gæðastjórnunarkerfi byggir á ákvæðum 24. gr., 31. gr. og 32. gr. laga um mannvirki en samkvæmt 7. tölulið ákvæða til bráðabirgða í lögunum er veittur frestur til 1. janúar 2015 til að uppfylla ákvæðin Sé gæðastjórnunarkerfi ekki til staðar þá hafa starfsmenn félagsins ekki réttindi til að skrifa upp á verk né bjóða í verkefni á vegum opinberra aðila.</span></p>								</div>
				</div>
					</div>
				</div>
		<div class="elementor-element elementor-element-564c863 e-flex e-con-boxed e-con e-parent" data-id="564c863" data-element_type="container" data-e-type="container">
					<div class="e-con-inner">
					</div>
				</div>
				</div>

<p>Gildin okkar Hringrásahagkerfið Sjálfbærni Heimsmarkmiðin Mannvirkjastofnun hefur staðfest gæðastjórnunarkerfi hjá Þak og gluggar ehf. Í byrjun árs 2015 tóku gildi lög sem kveða á um<span class="more-button"><a href="https://thog.is/?page_id=475" class="more-link">Lesa meira<span class="screen-reader-text">Um okkur / saga</span></a></span></p>
