{"id":1260,"date":"2024-12-12T15:46:34","date_gmt":"2024-12-12T15:46:34","guid":{"rendered":"https:\/\/thog.is\/?page_id=1260"},"modified":"2024-12-18T10:05:10","modified_gmt":"2024-12-18T10:05:10","slug":"utanhusklaedning","status":"publish","type":"page","link":"https:\/\/thog.is\/?page_id=1260","title":{"rendered":"Utanh\u00fasskl\u00e6\u00f0ning"},"content":{"rendered":"\t\t<div data-elementor-type=\"wp-page\" data-elementor-id=\"1260\" class=\"elementor elementor-1260\" data-elementor-post-type=\"page\">\n\t\t\t\t<div class=\"elementor-element elementor-element-09c71d8 e-flex e-con-boxed e-con e-parent\" data-id=\"09c71d8\" data-element_type=\"container\" data-e-type=\"container\">\n\t\t\t\t\t<div class=\"e-con-inner\">\n\t\t\t\t<div class=\"elementor-element elementor-element-e6d330e elementor-widget elementor-widget-text-editor\" data-id=\"e6d330e\" data-element_type=\"widget\" data-e-type=\"widget\" data-widget_type=\"text-editor.default\">\n\t\t\t\t<div class=\"elementor-widget-container\">\n\t\t\t\t\t\t\t\t\t<p>Utanh\u00fasskl\u00e6\u00f0ning<\/p>\t\t\t\t\t\t\t\t<\/div>\n\t\t\t\t<\/div>\n\t\t\t\t\t<\/div>\n\t\t\t\t<\/div>\n\t\t<div class=\"elementor-element elementor-element-67e361f e-flex e-con-boxed e-con e-parent\" data-id=\"67e361f\" data-element_type=\"container\" data-e-type=\"container\">\n\t\t\t\t\t<div class=\"e-con-inner\">\n\t\t<div class=\"elementor-element elementor-element-21393cf e-con-full e-flex e-con e-child\" data-id=\"21393cf\" data-element_type=\"container\" data-e-type=\"container\">\n\t\t\t\t<div class=\"elementor-element elementor-element-3fc67a5 elementor-widget elementor-widget-image\" data-id=\"3fc67a5\" data-element_type=\"widget\" data-e-type=\"widget\" data-widget_type=\"image.default\">\n\t\t\t\t<div class=\"elementor-widget-container\">\n\t\t\t\t\t\t\t\t\t\t\t\t\t\t\t<img fetchpriority=\"high\" decoding=\"async\" width=\"1024\" height=\"768\" src=\"https:\/\/thog.is\/wp-content\/uploads\/2024\/11\/utanhusklaedningar-1024x768.png\" class=\"attachment-large size-large wp-image-525\" alt=\"\" srcset=\"https:\/\/thog.is\/wp-content\/uploads\/2024\/11\/utanhusklaedningar-1024x768.png 1024w, https:\/\/thog.is\/wp-content\/uploads\/2024\/11\/utanhusklaedningar-300x225.png 300w, https:\/\/thog.is\/wp-content\/uploads\/2024\/11\/utanhusklaedningar-768x576.png 768w, https:\/\/thog.is\/wp-content\/uploads\/2024\/11\/utanhusklaedningar-470x352.png 470w, https:\/\/thog.is\/wp-content\/uploads\/2024\/11\/utanhusklaedningar.png 1080w\" sizes=\"(max-width: 1024px) 100vw, 1024px\" \/>\t\t\t\t\t\t\t\t\t\t\t\t\t\t\t<\/div>\n\t\t\t\t<\/div>\n\t\t\t\t<\/div>\n\t\t<div class=\"elementor-element elementor-element-40d2860 e-con-full e-flex e-con e-child\" data-id=\"40d2860\" data-element_type=\"container\" data-e-type=\"container\">\n\t\t<div class=\"elementor-element elementor-element-910201e e-con-full e-flex e-con e-child\" data-id=\"910201e\" data-element_type=\"container\" data-e-type=\"container\" data-settings=\"{&quot;background_background&quot;:&quot;classic&quot;}\">\n\t\t\t\t<div class=\"elementor-element elementor-element-b791efe elementor-widget elementor-widget-text-editor\" data-id=\"b791efe\" data-element_type=\"widget\" data-e-type=\"widget\" data-widget_type=\"text-editor.default\">\n\t\t\t\t<div class=\"elementor-widget-container\">\n\t\t\t\t\t\t\t\t\t<p>XXX<\/p>\t\t\t\t\t\t\t\t<\/div>\n\t\t\t\t<\/div>\n\t\t\t\t<\/div>\n\t\t<div class=\"elementor-element elementor-element-ac70d4f e-con-full e-flex e-con e-child\" data-id=\"ac70d4f\" data-element_type=\"container\" data-e-type=\"container\" data-settings=\"{&quot;background_background&quot;:&quot;classic&quot;}\">\n\t\t\t\t<\/div>\n\t\t\t\t<\/div>\n\t\t\t\t\t<\/div>\n\t\t\t\t<\/div>\n\t\t<div class=\"elementor-element elementor-element-a546c0b e-flex e-con-boxed e-con e-parent\" data-id=\"a546c0b\" data-element_type=\"container\" data-e-type=\"container\">\n\t\t\t\t\t<div class=\"e-con-inner\">\n\t\t<div class=\"elementor-element elementor-element-633b398 e-con-full e-flex e-con e-child\" data-id=\"633b398\" data-element_type=\"container\" data-e-type=\"container\">\n\t\t<div class=\"elementor-element elementor-element-20e9fc9 e-con-full e-flex e-con e-child\" data-id=\"20e9fc9\" data-element_type=\"container\" data-e-type=\"container\" data-settings=\"{&quot;background_background&quot;:&quot;classic&quot;}\">\n\t\t\t\t<div class=\"elementor-element elementor-element-2cb142d elementor-widget elementor-widget-text-editor\" data-id=\"2cb142d\" data-element_type=\"widget\" data-e-type=\"widget\" data-widget_type=\"text-editor.default\">\n\t\t\t\t<div class=\"elementor-widget-container\">\n\t\t\t\t\t\t\t\t\t<p>XXX<\/p>\t\t\t\t\t\t\t\t<\/div>\n\t\t\t\t<\/div>\n\t\t\t\t<\/div>\n\t\t<div class=\"elementor-element elementor-element-8c56810 e-con-full e-flex e-con e-child\" data-id=\"8c56810\" data-element_type=\"container\" data-e-type=\"container\" data-settings=\"{&quot;background_background&quot;:&quot;classic&quot;}\">\n\t\t\t\t<\/div>\n\t\t\t\t<\/div>\n\t\t<div class=\"elementor-element elementor-element-a897fc8 e-con-full e-flex e-con e-child\" data-id=\"a897fc8\" data-element_type=\"container\" data-e-type=\"container\">\n\t\t\t\t<div class=\"elementor-element elementor-element-0d33dc0 elementor-widget elementor-widget-image\" data-id=\"0d33dc0\" data-element_type=\"widget\" data-e-type=\"widget\" data-widget_type=\"image.default\">\n\t\t\t\t<div class=\"elementor-widget-container\">\n\t\t\t\t\t\t\t\t\t\t\t\t\t\t\t<img decoding=\"async\" width=\"1024\" height=\"683\" src=\"https:\/\/thog.is\/wp-content\/uploads\/2024\/12\/20200221_151740-1024x683.png\" class=\"attachment-large size-large wp-image-1399\" alt=\"\" srcset=\"https:\/\/thog.is\/wp-content\/uploads\/2024\/12\/20200221_151740-1024x683.png 1024w, https:\/\/thog.is\/wp-content\/uploads\/2024\/12\/20200221_151740-300x200.png 300w, https:\/\/thog.is\/wp-content\/uploads\/2024\/12\/20200221_151740-768x512.png 768w, https:\/\/thog.is\/wp-content\/uploads\/2024\/12\/20200221_151740.png 1080w\" sizes=\"(max-width: 1024px) 100vw, 1024px\" \/>\t\t\t\t\t\t\t\t\t\t\t\t\t\t\t<\/div>\n\t\t\t\t<\/div>\n\t\t\t\t<\/div>\n\t\t\t\t\t<\/div>\n\t\t\t\t<\/div>\n\t\t<div class=\"elementor-element elementor-element-c095ddd e-flex e-con-boxed e-con e-parent\" data-id=\"c095ddd\" data-element_type=\"container\" data-e-type=\"container\">\n\t\t\t\t\t<div class=\"e-con-inner\">\n\t\t<div class=\"elementor-element elementor-element-9891472 e-con-full e-flex e-con e-child\" data-id=\"9891472\" data-element_type=\"container\" data-e-type=\"container\">\n\t\t\t\t<div class=\"elementor-element elementor-element-6c012bc elementor-widget elementor-widget-image\" data-id=\"6c012bc\" data-element_type=\"widget\" data-e-type=\"widget\" data-widget_type=\"image.default\">\n\t\t\t\t<div class=\"elementor-widget-container\">\n\t\t\t\t\t\t\t\t\t\t\t\t\t\t\t<img decoding=\"async\" width=\"1024\" height=\"575\" src=\"https:\/\/thog.is\/wp-content\/uploads\/2024\/12\/Meistaravellir-2-1024x575.jpg\" class=\"attachment-large size-large wp-image-1475\" alt=\"\" srcset=\"https:\/\/thog.is\/wp-content\/uploads\/2024\/12\/Meistaravellir-2-1024x575.jpg 1024w, https:\/\/thog.is\/wp-content\/uploads\/2024\/12\/Meistaravellir-2-300x169.jpg 300w, https:\/\/thog.is\/wp-content\/uploads\/2024\/12\/Meistaravellir-2-768x432.jpg 768w, https:\/\/thog.is\/wp-content\/uploads\/2024\/12\/Meistaravellir-2-1536x863.jpg 1536w, https:\/\/thog.is\/wp-content\/uploads\/2024\/12\/Meistaravellir-2-2048x1151.jpg 2048w, https:\/\/thog.is\/wp-content\/uploads\/2024\/12\/Meistaravellir-2-470x264.jpg 470w\" sizes=\"(max-width: 1024px) 100vw, 1024px\" \/>\t\t\t\t\t\t\t\t\t\t\t\t\t\t\t<\/div>\n\t\t\t\t<\/div>\n\t\t\t\t<\/div>\n\t\t<div class=\"elementor-element elementor-element-dac4870 e-con-full e-flex e-con e-child\" data-id=\"dac4870\" data-element_type=\"container\" data-e-type=\"container\">\n\t\t\t\t<div class=\"elementor-element elementor-element-0b12276 elementor-widget elementor-widget-image\" data-id=\"0b12276\" data-element_type=\"widget\" data-e-type=\"widget\" data-widget_type=\"image.default\">\n\t\t\t\t<div class=\"elementor-widget-container\">\n\t\t\t\t\t\t\t\t\t\t\t\t\t\t\t<img loading=\"lazy\" decoding=\"async\" width=\"1024\" height=\"683\" src=\"https:\/\/thog.is\/wp-content\/uploads\/2024\/12\/Meistaravellir-6--1024x683.jpg\" class=\"attachment-large size-large wp-image-1476\" alt=\"\" srcset=\"https:\/\/thog.is\/wp-content\/uploads\/2024\/12\/Meistaravellir-6--1024x683.jpg 1024w, https:\/\/thog.is\/wp-content\/uploads\/2024\/12\/Meistaravellir-6--300x200.jpg 300w, https:\/\/thog.is\/wp-content\/uploads\/2024\/12\/Meistaravellir-6--768x512.jpg 768w, https:\/\/thog.is\/wp-content\/uploads\/2024\/12\/Meistaravellir-6--1536x1024.jpg 1536w, https:\/\/thog.is\/wp-content\/uploads\/2024\/12\/Meistaravellir-6--2048x1365.jpg 2048w\" sizes=\"(max-width: 1024px) 100vw, 1024px\" \/>\t\t\t\t\t\t\t\t\t\t\t\t\t\t\t<\/div>\n\t\t\t\t<\/div>\n\t\t\t\t<\/div>\n\t\t\t\t\t<\/div>\n\t\t\t\t<\/div>\n\t\t<div class=\"elementor-element elementor-element-bc3f736 e-flex e-con-boxed e-con e-parent\" data-id=\"bc3f736\" data-element_type=\"container\" data-e-type=\"container\">\n\t\t\t\t\t<div class=\"e-con-inner\">\n\t\t\t\t\t<\/div>\n\t\t\t\t<\/div>\n\t\t\t\t<\/div>\n\t\t","protected":false},"excerpt":{"rendered":"<p>Utanh\u00fasskl\u00e6\u00f0ning XXX XXX<\/p>\n","protected":false},"author":1,"featured_media":0,"parent":0,"menu_order":0,"comment_status":"closed","ping_status":"closed","template":"templates\/full-width-page.php","meta":{"footnotes":""},"class_list":["post-1260","page","type-page","status-publish","hentry"],"_links":{"self":[{"href":"https:\/\/thog.is\/index.php?rest_route=\/wp\/v2\/pages\/1260","targetHints":{"allow":["GET"]}}],"collection":[{"href":"https:\/\/thog.is\/index.php?rest_route=\/wp\/v2\/pages"}],"about":[{"href":"https:\/\/thog.is\/index.php?rest_route=\/wp\/v2\/types\/page"}],"author":[{"embeddable":true,"href":"https:\/\/thog.is\/index.php?rest_route=\/wp\/v2\/users\/1"}],"replies":[{"embeddable":true,"href":"https:\/\/thog.is\/index.php?rest_route=%2Fwp%2Fv2%2Fcomments&post=1260"}],"version-history":[{"count":26,"href":"https:\/\/thog.is\/index.php?rest_route=\/wp\/v2\/pages\/1260\/revisions"}],"predecessor-version":[{"id":2177,"href":"https:\/\/thog.is\/index.php?rest_route=\/wp\/v2\/pages\/1260\/revisions\/2177"}],"wp:attachment":[{"href":"https:\/\/thog.is\/index.php?rest_route=%2Fwp%2Fv2%2Fmedia&parent=1260"}],"curies":[{"name":"wp","href":"https:\/\/api.w.org\/{rel}","templated":true}]}}